h - 12, 5*h + 0*h + 12 = -z*c. Calculate k(c).
6
Let x = 13 + -9. Let l(m) = 2*m + 11 - 8 + x*m. What is l(-2)?
-9
Let r(w) = -w + 9*w - 6*w - 5. Determine r(5).
5
Let q(b) = -b**3 + b**2 + 5. Let j(p) = 8*p - 7. Let w(t) = -7*t + 6. Let n(r) = -6*j(r) - 7*w(r). Let y be n(0). Give q(y).
5
Let p(b) = -b - 5. Let j be p(-3). Let v(r) = -6*r + 2*r + 1 + 3*r. Let w(q) = -3*q + 3. Let y(a) = -11*v(a) + 4*w(a). Determine y(j).
3
Let j(y) be the second derivative of y**3/6 - 4*y**2 - 8*y. Let k be j(3). Let w(s) be the second derivative of s**3/2 + 7*s**2/2 + s. What is w(k)?
-8
Let w(n) be the third derivative of n**5/60 + n**4/8 - 2*n**3/3 + 6*n**2. Give w(3).
14
Let i(u) = u**3 + 3*u**2 - 7*u - 4. Let k(s) = s**2 - s - 1. Let n(p) = i(p) - 2*k(p). Calculate n(-3).
-5
Suppose -2*n + 3*x + 24 = 3*n, 4*x = 2*n - 18. Suppose 2*u = -5*s + 11, -n*s + 1 = 4*u - 0*s. Let i = u - -3. Let w(j) = -j + 2. Determine w(i).
1
Let r(u) = u**2 + 1 + 8*u - u - 2. Give r(-6).
-7
Let i(d) = -2*d + 0 - 3 + 4*d. Suppose -3*y = -3*h - 15 - 9, -2*h - 34 = -4*y. Let g = -7 + y. Determine i(g).
1
Let q(z) = 4*z. Suppose 7*n = 2*n - 10. Determine q(n).
-8
Suppose 0 = -4*q + 4*v + 8, -6*q - 3*v = -q - 34. Let x be 1/(-2)*0/q. Let z(j) = j - 3. Give z(x).
-3
Let p(m) = -m - 10. Let c be p(-16). Let y(r) = -5*r**3 + 10*r**2 - 5*r + 1. Let a(l) = -6*l**3 + 11*l**2 - 6*l + 2. Let i(w) = -4*a(w) + 5*y(w). Give i(c).
-9
Let w(q) be the third derivative of -q**9/60480 - q**8/3360 - q**7/1260 + q**6/240 + q**5/20 + q**2. Let y(n) be the third derivative of w(n). Determine y(-5).
-2
Let h(m) = 7*m**3 - 2*m**2 - m. Suppose 2*a - 3*a = -2. Suppose a*i - i = 2. Let z = 1 - i. Calculate h(z).
-8
Suppose -5*q + 3*i = -1 - 3, -3*q - 2 = -4*i. Let n(h) be the first derivative of h**3/6 + h**2 + 2*h + 8. Let y(x) be the first derivative of n(x). Give y(q).
4
Let k(g) be the first derivative of -2*g**2 - g + 3. Calculate k(-1).
3
Let u(g) = -6*g**3 + 3*g**2 + g. Let t(y) = y**3 - y**2 + y + 1. Let f(p) = 5*t(p) + u(p). Determine f(-4).
13
Let p(j) = j**3 + 11*j**2 - 12*j - 4. Let h be p(-12). Let y(n) = n**2 + 5*n - 1. What is y(h)?
-5
Suppose -4*m - 3 = -15. Suppose 12 = r + 2*r, m*q = -5*r + 20. Suppose q = 3*k + 2*k - 2*a + 1, 0 = 2*k + 2*a - 8. Let b(s) = -7*s**2 + s. Determine b(k).
-6
Suppose 0*u + u - 14 = 0. Suppose 4*z + u = 2*i, 0 = -z - 3*i - 1 - 20. Let s(j) = -j - 7. Give s(z).
-1
Let q = 31 - 25. Let m(w) = w**2 - 3*w - 8. Give m(q).
10
Let k(v) = 2*v**2 - 15*v + 13. Let c be 3*((-2)/2 - 0). Let j(n) = -n**2 + 8*n - 7. Let f(s) = c*k(s) - 5*j(s). Determine f(3).
2
Let k be 5*-1 - (2 + -6). Let a(i) = 11*i**3 + i**2 + i + 1. Give a(k).
-10
Let h(u) = -9*u**3 - 7*u**3 + 9 - 2*u**2 - 8. Give h(1).
-17
Let z(g) = g - 3. Let v be 0*(-2)/(-8)*2. Let b(p) = 1. Let t(j) = -j**3 + 5. Let i(a) = -b(a) + t(a). Let n be i(v). What is z(n)?
1
Let f(m) be the second derivative of -m + 1/12*m**4 - 5/2*m**2 + 0 + 1/2*m**3. Give f(-4).
-1
Let y(a) be the third derivative of a**4/24 - 4*a**2. Suppose -3 = 2*i - 9. Let w = i - -2. Calculate y(w).
5
Let v(r) = -r**2 + 6*r + 2. Let j = 20 + -11. Let m = j - 20. Let y = -6 - m. Determine v(y).
7
Let y be ((-2)/(-3))/((-1)/(-3)). Let a(x) = 0 - x**y + 1 + 0*x**2 - x. Let t(d) = d**3 - 2*d + 11. Let j(f) = -5*a(f) + t(f). Determine j(-5).
-9
Let u = 11 - 4. Suppose -u = 4*m + 9. Let o(w) = -w. Calculate o(m).
4
Suppose -2*p + 5 = 5*m, 2*p = -0*m - 3*m + 3. Suppose p*s - 2*s = 0. Let g(l) = 2 + l + s*l - l + l. Calculate g(3).
5
Let d = 7 - 6. Let m(p) = 1 - 4*p - d - p**2. Give m(-5).
-5
Let j(f) = -3*f**2 - 42*f + 7. Let d be j(-14). Let g(s) = s**3 - 8*s**2 + 8*s + 8. Calculate g(d).
15
Let i(q) be the first derivative of q - 1/2*q**4 + 6 - 1/2*q**2 + q**3. Determine i(2).
-5
Let g(c) = 3*c**3 + c**2 + c. Suppose -q - 3 - 1 = 0. Let j be (-6)/q*(-8)/12. Give g(j).
-3
Let b(y) = -3 + 4*y**2 - y**2 + y + 19*y**3 + 4*y**2 - 20*y**3. What is b(7)?
4
Let o(r) = r**2 - 5*r + 5. Suppose -2*b + 20 = 4*m, 4*b - 3*m - 14 = 2*m. Calculate o(b).
11
Let j = -21 + 19. Let k(c) = c**3 + 5*c**2 + c - 2. Determine k(j).
8
Let v be (-2)/5*1*(-2 + -13). Let z(q) = -q**3 + 7*q**2 - 7*q + 2. Calculate z(v).
-4
Let j(z) = -2*z**2 + 2*z. Let c be j(2). Let b(d) = d + 6. Calculate b(c).
2
Let g(d) be the second derivative of 1/10*d**5 - 1/2*d**2 + 1/3*d**4 + 1/3*d**3 + 0 - 2*d. What is g(-2)?
-5
Let p(w) = -w**3 + 4*w**2 + 6*w + 2. Let u(x) = -3*x**2 + 2*x. Let v be u(-4). Let m = -39 - v. Suppose 2*c = m - 7. What is p(c)?
7
Let q(i) = 2*i - 1. Let j = 2 + -16. Let c be 32/(-14) - 4/j. Let x(p) = p**3 + 2*p**2 - 4*p - 3. Let m be x(c). Calculate q(m).
9
Let i = 6 - 2. Suppose -4*a - 4*b + 2*b - 4 = 0, i*b = -a - 8. Suppose 0 = -u, a = 2*m + 3*m + u + 25. Let o(p) = -p**3 - 6*p**2 - 4*p + 1. What is o(m)?
-4
Let y(k) = k**3 - 5*k**2 + 3*k - 47. Let t be y(6). Let i(q) = q**3 - 7*q**2 - q + 9. Calculate i(t).
2
Let o(w) = -w**2 + 4*w - 5. Let g(d) = -d**2 - d + 75. Let f be g(0). Let n be ((-8)/(-10))/(2/f). Let i be ((-2)/4)/((-3)/n). Give o(i).
-10
Let j(o) = -o**3 - 9*o**2 - 10*o - 8. Let z = -106 + 98. Determine j(z).
8
Let i(x) be the first derivative of 0*x**2 + 1/3*x**3 + 9*x + 2. Give i(0).
9
Let k(s) = -6*s**3 + 6*s**2 - 2*s + 6. Let t(z) = -z**2 + 10*z - 1 + z**3 - 10*z. Let n(y) = -k(y) - 5*t(y). Let u(w) = -w + 6. Let d be u(5). Determine n(d).
1
Let p(g) = -g**3 + 4*g**2 - 2*g + 1. Let z be p(3). Let h(d) = d**3 - 5*d**2 + 3*d - 2. Calculate h(z).
-6
Let s(o) = -o**2 + 6*o. Suppose 11*d + 10 = 13*d. Calculate s(d).
5
Let z(i) = -i**2 + 6*i - 9*i - 7 - 4*i. Let g be (26 + -14)*2/(-4). Determine z(g).
-1
Let l(u) = -2*u + 0*u - u**2 - 2 + 2*u - u. Let j be (0/2)/(2/(-1)). Suppose 6 = -j*n + 3*n. What is l(n)?
-8
Suppose 2*o + 3*l - 15 = 7, 5*l = 4*o. Let p(u) = u**2 + 6*u - 5. Let g be p(-7). Let j(k) = -4*k**g + 6 - 1 - k**2 - 2*k + k**3. Calculate j(o).
-5
Let z(m) = -m**3 - 3*m**2 + 2*m - 5. Let q(v) = -v + 1. Let r(g) = 4*q(g) + z(g). What is r(-2)?
-1
Let l = -8 + 11. Let i(n) = -n**2 - 2*n + 4. Let r be i(-3). Let p(k) = 3*k**2 - r - 3*k + 0*k + k**2 - k**3. Determine p(l).
-1
Let g(s) = s + 1. Suppose -4*t - 32 = 5*x, t - 11 = 6*t - x. Calculate g(t).
-2
Let k = 2 + -2. Let x(b) be the third derivative of -b**4/24 + 4*b**3/3 + 4*b**2. Calculate x(k).
8
Let f be 1/(-3) - 13/(-3). Let g(l) = -2*l**2 - l + f + 0*l**2 + l**2. Determine g(0).
4
Let q = 3 - 3. Let n(g) = g**2 - g. Determine n(q).
0
Let h(k) = 3*k + 4 - 4*k - 4 + 8. What is h(5)?
3
Let h be (-1 - 2)/3 + 5. Let s(y) be the third derivative of 0 + 0*y + 1/4*y**h + y**2 - 1/6*y**3. Calculate s(1).
5
Let u be ((-8)/6)/(3/(-9)). Suppose -u*f - 16 = -0*f. Let w(s) = s**2 + 4*s - 4. Give w(f).
-4
Let z(f) be the second derivative of -f**4/12 - 5*f**2 + 3*f. Let d(x) = -2*x**2 + x - 19. Let p(t) = -6*d(t) + 11*z(t). Give p(3).
-5
Suppose 7*z + 9 = 4*z. Let h(s) = -s - 4. Determine h(z).
-1
Let h(x) be the first derivative of -1 - 1/2*x**2 + 1/4*x**4 - 5/3*x**3 - 2*x. Determine h(5).
-7
Let q(m) = m**3 + 8*m**2 + 3*m + 18. Let v be q(-8). Let a(j) = j**2 + 6*j - 5. Calculate a(v).
-5
Let l(y) = y**3 + 3 - 40*y + 41*y + 0 - 3*y**2. Determine l(3).
6
Let q(r) = -r. Let k(z) = 3*z. Let o(x) = -6*k(x) - 17*q(x). What is o(4)?
-4
Let q(h) = -h**3 + 2*h**2 - h. Suppose -2*x + 5 = -1. Let m = x - 3. Let n be m/2 - (4 - 5). Give q(n).
0
Let c(r) = -4*r - 1. Let g(f) = 4 - 4 - 1. Let l(w) = c(w) - 2*g(w). Suppose -8*p + 4*p + 3 = -3*a, 5*p + 3 = -3*a. What is l(a)?
5
Let q = 6 - -6. Suppose -r - 3 = 5*a, 3*a + q = 2*r - 6*r. Let c(x) be the second derivative of x**5/20 + x**2 - x. Give c(a).
2
Let p(m) = -10*m**3 + m**2. Let t = 10 + -9. Calculate p(t).
-9
Let n(u) = 0*u**2 - 2*u + 0*u**2 - u**2 + 0*u**2 - 2. Let q(v) = -v**3 - 4*v**2 - 2*v + 1. Let j be q(-2). Give n(j).
-5
Let d(b) be the third derivative of -4*b**2 + 0 + 1/3*b**4 + 1/6*b**3 + 0*b. Calculate d(1).
9
Suppose -k = -5*k + 4. Let f(x) = -x - x**2 - x + k + x + 5*x. Determine f(2).
5
Suppose 7*h = 3*h. Let o(w) = h*w - w - 2 + 1. Determine o(4).
-5
Let v(s) = s + 1. Let t = -26 + 25. Determine v(t).
0
Suppose -4*p = -2*c + 70, c + 4 + 1 = 0. Let i = p + 32. Suppose 0 = 2*k - 4 + i. Let r(j) = -j - 9. Give r(k).
-5
Let i(n) = -2*n**2 - 3*n - 1. L